 are the prime factors of 4173104051?
311, 13418341
List the prime factors of 824886699.
3, 7, 13, 17, 177739
What are the prime factors of 11590068?
2, 3, 7, 23, 857
List the prime factors of 759293639.
13, 58407203
What are the prime factors of 23487258?
2, 3, 607, 6449
List the prime factors of 499600428.
2, 3, 41633369
What are the prime factors of 23224745?
5, 19, 244471
What are the prime factors of 184062311?
233, 789967
What are the prime factors of 212771760?
2, 3, 5, 886549
List the prime factors of 22011388.
2, 7, 112303
List the prime factors of 77498121.
3, 17, 29, 61, 859
What are the prime factors of 503174534?
2, 17, 29, 510319
What are the prime factors of 827183809?
67, 563, 21929
List the prime factors of 2900371095.
3, 5, 64452691
List the prime factors of 805314137.
29, 27769453
List the prime factors of 34465638.
2, 3, 23, 137, 1823
What are the prime factors of 226116884?
2, 7, 211, 38273
What are the prime factors of 119857721?
119857721
What are the prime factors of 106884410?
2, 5, 73, 146417
What are the prime factors of 29181779?
11, 23, 115343
List the prime factors of 1680355865.
5, 336071173
What are the prime factors of 113078236?
2, 28269559
What are the prime factors of 116223770?
2, 5, 13, 271, 3299
List the prime factors of 178755821.
178755821
List the prime factors of 2237315646.
2, 3, 6343, 58787
What are the prime factors of 2610106394?
2, 7, 186436171
List the prime factors of 142634506.
2, 7, 59, 172681
List the prime factors of 4070542829.
23, 6197, 28559
List the prime factors of 46454898.
2, 3, 7, 1106069
What are the prime factors of 1961404?
2, 47, 10433
List the prime factors of 53087642.
2, 103, 257707
List the prime factors of 2007485240.
2, 5, 53, 71, 13337
List the prime factors of 2452662548.
2, 7, 87595091
List the prime factors of 126937970.
2, 5, 12693797
What are the prime factors of 1748270906?
2, 874135453
List the prime factors of 106179950.
2, 5, 79, 26881
What are the prime factors of 1298979?
3, 11, 13121
List the prime factors of 115863526.
2, 29, 1997647
List the prime factors of 58189754.
2, 7, 71, 8363
List the prime factors of 13163365.
5, 2632673
List the prime factors of 45381013.
45381013
What are the prime factors of 57697970?
2, 5, 11, 431, 1217
What are the prime factors of 52115118?
2, 3, 11, 789623
List the prime factors of 3371724033.
3, 14831, 75781
What are the prime factors of 39092334?
2, 3, 379, 17191
List the prime factors of 390329350.
2, 5, 17, 19, 24169
List the prime factors of 1118536095.
3, 5, 179, 619, 673
What are the prime factors of 385565953?
4591, 83983
List the prime factors of 37611907.
167, 225221
List the prime factors of 29874680.
2, 5, 11, 43, 1579
What are the prime factors of 52063526?
2, 29, 897647
What are the prime factors of 1465893562?
2, 7, 61, 257, 6679
What are the prime factors of 3991578?
2, 3, 509, 1307
List the prime factors of 998567780.
2, 5, 7, 7132627
List the prime factors of 585789046.
2, 9521, 30763
List the prime factors of 5817735.
3, 5, 7, 11, 23, 73
List the prime factors of 579144532.
2, 443, 326831
What are the prime factors of 2028639290?
2, 5, 269, 599, 1259
List the prime factors of 956738965.
5, 7, 13, 281, 1069
List the prime factors of 1436588811.
3, 7, 1085857
List the prime factors of 113296483.
17, 233, 28603
What are the prime factors of 387458198?
2, 193729099
List the prime factors of 5707892014.
2, 11, 23, 490453
List the prime factors of 618354938.
2, 103, 173, 17351
What are the prime factors of 108269549?
17, 601, 10597
List the prime factors of 170361118.
2, 85180559
List the prime factors of 1083557276.
2, 29, 151, 61861
List the prime factors of 4383276195.
3, 5, 29, 163, 61819
What are the prime factors of 351507427?
59, 5957753
What are the prime factors of 11305850?
2, 5, 17, 47, 283
What are the prime factors of 3501667?
13, 31, 8689
What are the prime factors of 120621183?
3, 40207061
What are the prime factors of 178098767?
7, 11, 137, 16883
List the prime factors of 1392212878.
2, 7, 19, 5233883
What are the prime factors of 438621106?
2, 7, 11, 349, 8161
What are the prime factors of 581892031?
7, 17, 109, 113, 397
What are the prime factors of 823330537?
47, 313, 55967
List the prime factors of 105230145.
3, 5, 7015343
List the prime factors of 983270671.
37, 859, 30937
List the prime factors of 5281620801.
3, 23, 76545229
What are the prime factors of 2348734?
2, 83, 14149
List the prime factors of 138018794.
2, 67, 15373
List the prime factors of 2191273243.
641, 977, 3499
What are the prime factors of 2577219?
3, 23, 41, 911
What are the prime factors of 64455777?
3, 29, 263, 313
List the prime factors of 1127932231.
373, 3023947
List the prime factors of 25808019.
3, 8602673
List the prime factors of 49486457.
49486457
What are the prime factors of 42034751?
11, 137, 27893
What are the prime factors of 1130434144?
2, 7, 1327, 3803
What are the prime factors of 404201419?
43, 67, 307, 457
What are the prime factors of 2663260670?
2, 5, 7, 38046581
List the prime factors of 63394563.
3, 1571, 13451
List the prime factors of 48699426.
2, 3, 47, 59, 2927
What are the prime factors of 679696796?
2, 169924199
List the prime factors of 89619361.
13, 349, 19753
What are the prime factors of 29699055?
3, 5, 73331
What are the prime factors of 98490866?
2, 103, 478111
List the prime factors of 49824489.
3, 11, 13, 116141
What are the prime factors of 652370821?
652370821
List the prime factors of 5443445.
5, 7, 29, 31, 173
List the prime factors of 2987170075.
5, 31, 131, 29423
List the prime factors of 1205518803.
3, 23, 43, 406309
What are the prime factors of 95007266?
2, 101, 470333
List the prime factors of 4512962928.
2, 3, 94020061
List the prime factors of 11104345.
5, 7, 317267
What are the prime factors of 2935353176?
2, 7, 1373, 38177
List the prime factors of 372823875.
3, 5, 331399
What are the prime factors of 936512183?
23, 40717921
What are the prime factors of 1403010?
2, 3, 5, 7, 17, 131
What are the prime factors of 15425270?
2, 5, 7, 220361
What are the prime factors of 95360070?
2, 3, 5, 13, 23, 10631
List the prime factors of 227204686.
2, 71, 1600033
What are the prime factors of 47315823?
3, 2791, 5651
What are the prime factors of 1407694159?
31, 45409489
List the prime factors of 87062423.
7, 17, 173, 4229
What are the prime factors of 274243286?
2, 17, 79, 102101
What are the prime factors of 15485113?
7, 17, 130127
What are the prime factors of 408286188?
2, 3, 479, 23677
What are the prime factors of 94565017?
94565017
List the prime factors of 92822054.
2, 13, 83, 43013
List the prime factors of 67241800.
2, 5, 17, 19777
What are the prime factors of 384328095?
3, 5, 17, 88657
List the prime factors of 492042393.
3, 491, 111347
What are the prime factors of 1166745863?
19, 23, 140521
What are the prime factors of 45566871?
3, 7, 257, 8443
List the prime factors of 25479269.
25479269
List the prime factors of 3383990471.
17, 1031, 193073
What are the prime factors of 74657796?
2, 3, 31, 97, 2069
What are the prime factors of 229988479?
7, 199, 165103
List the prime factors of 64048051.
1367, 46853
What are the prime factors of 25624793?
1019, 25147
What are the prime factors of 576607299?
3, 53, 293, 12377
What are the prime factors of 1635679946?
2, 1741, 469753
What are the prime factors of 107628182?
2, 127, 491, 863
List the prime factors of 46958235.
3, 5, 3130549
List the prime factors of 46093970.
2, 5, 13, 17, 20857
What are the prime factors of 89745337?
11, 67427
What are the prime factors of 39407073?
3, 23, 149, 3833
What are the prime factors of 824960074?
2, 43, 47, 83, 2459
List the prime factors of 113565714.
2, 3, 149, 127031
List the prime factors of 610892012.
2, 113, 167, 8093
What are the prime factors of 29293157?
29293157
What are the prime factors of 2875269362?
2, 7, 109, 1151, 1637
List the prime factors of 919120614.
2, 3, 43, 607, 5869
List the prime factors of 1364048412.
2, 3, 107, 1062343
List the prime factors of 124459073.
124459073
What are the prime factors of 164294138?
2, 97, 846877
What are the prime factors of 5047527867?
3, 43, 39128123
What are the prime factors of 299002691?
13, 23, 293, 3413
List the prime factors of 259